{"id":34,"date":"2022-08-30T18:12:08","date_gmt":"2022-08-30T16:12:08","guid":{"rendered":"https:\/\/jorgenberge.no\/?page_id=34"},"modified":"2023-12-11T00:22:34","modified_gmt":"2023-12-10T23:22:34","slug":"om-meg","status":"publish","type":"page","link":"https:\/\/bergeit.no\/?page_id=34","title":{"rendered":"Om meg"},"content":{"rendered":"\t\t<div data-elementor-type=\"wp-page\" data-elementor-id=\"34\" class=\"elementor elementor-34\" data-elementor-post-type=\"page\">\n\t\t\t\t<div class=\"elementor-element elementor-element-e2f1154 e-flex e-con-boxed e-con e-parent\" data-id=\"e2f1154\" data-element_type=\"container\" data-e-type=\"container\">\n\t\t\t\t\t<div class=\"e-con-inner\">\n\t\t<div class=\"elementor-element elementor-element-9505f36 e-con-full e-flex e-con e-child\" data-id=\"9505f36\" data-element_type=\"container\" data-e-type=\"container\">\n\t\t\t\t<div class=\"elementor-element elementor-element-2abf516 elementor-widget elementor-widget-image\" data-id=\"2abf516\" data-element_type=\"widget\" data-e-type=\"widget\" data-widget_type=\"image.default\">\n\t\t\t\t<div class=\"elementor-widget-container\">\n\t\t\t\t\t\t\t\t\t\t\t\t\t\t\t<img decoding=\"async\" width=\"170\" height=\"255\" src=\"https:\/\/bergeit.no\/wp-content\/uploads\/2022\/08\/Personal-Jorgen-Berge.jpg\" class=\"attachment-medium_large size-medium_large wp-image-848\" alt=\"\" \/>\t\t\t\t\t\t\t\t\t\t\t\t\t\t\t<\/div>\n\t\t\t\t<\/div>\n\t\t\t\t<div class=\"elementor-element elementor-element-2542a3f elementor-widget elementor-widget-spacer\" data-id=\"2542a3f\" data-element_type=\"widget\" data-e-type=\"widget\" data-widget_type=\"spacer.default\">\n\t\t\t\t<div class=\"elementor-widget-container\">\n\t\t\t\t\t\t\t<div class=\"elementor-spacer\">\n\t\t\t<div class=\"elementor-spacer-inner\"><\/div>\n\t\t<\/div>\n\t\t\t\t\t\t<\/div>\n\t\t\t\t<\/div>\n\t\t\t\t<\/div>\n\t\t<div class=\"elementor-element elementor-element-fc4ef71 e-con-full e-flex e-con e-child\" data-id=\"fc4ef71\" data-element_type=\"container\" data-e-type=\"container\">\n\t\t\t\t<div class=\"elementor-element elementor-element-9bb6c32 elementor-widget elementor-widget-text-editor\" data-id=\"9bb6c32\" data-element_type=\"widget\" data-e-type=\"widget\" data-widget_type=\"text-editor.default\">\n\t\t\t\t<div class=\"elementor-widget-container\">\n\t\t\t\t\t\t\t\t\t<p>Jeg heter J\u00f8rgen N\u00e6ss Berge, er 34 \u00e5r, og holder til p\u00e5 Lunner p\u00e5 Hadeland. Jeg jobber til vanlig som IKT-koordinator for skolene i Lunner kommune, og har tidligere erfaring som b\u00e5de kontaktl\u00e6rer og jobb i elektronikkbutikk.<\/p>\n<p>Jeg har et enkeltmannsforetak, Berge IT og elektronikkhjelp, og \u00f8nsker gjennom denne siden \u00e5 markedsf\u00f8re meg. Gjennom foretaket kan jeg tilby b\u00e5de kursing, oppl\u00e6ring og hjelp til tekniske utfordringer, tilpasset riktig niv\u00e5 for den enkelte bruker eller kunde.<\/p><p><br><\/p>\t\t\t\t\t\t\t\t<\/div>\n\t\t\t\t<\/div>\n\t\t\t\t<div class=\"elementor-element elementor-element-4443f52 elementor-widget elementor-widget-heading\" data-id=\"4443f52\" data-element_type=\"widget\" data-e-type=\"widget\" data-widget_type=\"heading.default\">\n\t\t\t\t<div class=\"elementor-widget-container\">\n\t\t\t\t\t<h4 class=\"elementor-heading-title elementor-size-default\">CV<\/h4>\t\t\t\t<\/div>\n\t\t\t\t<\/div>\n\t\t\t\t<div class=\"elementor-element elementor-element-5b3e7b1 elementor-icon-list--layout-traditional elementor-list-item-link-full_width elementor-widget elementor-widget-icon-list\" data-id=\"5b3e7b1\" data-element_type=\"widget\" data-e-type=\"widget\" data-widget_type=\"icon-list.default\">\n\t\t\t\t<div class=\"elementor-widget-container\">\n\t\t\t\t\t\t\t<ul class=\"elementor-icon-list-items\">\n\t\t\t\t\t\t\t<li class=\"elementor-icon-list-item\">\n\t\t\t\t\t\t\t\t\t\t\t<span class=\"elementor-icon-list-icon\">\n\t\t\t\t\t\t\t<i aria-hidden=\"true\" class=\"fas fa-check\"><\/i>\t\t\t\t\t\t<\/span>\n\t\t\t\t\t\t\t\t\t\t<span class=\"elementor-icon-list-text\">Jobbet 10 \u00e5r som kontaktl\u00e6rer og fagl\u00e6rer.<\/span>\n\t\t\t\t\t\t\t\t\t<\/li>\n\t\t\t\t\t\t\t\t<li class=\"elementor-icon-list-item\">\n\t\t\t\t\t\t\t\t\t\t\t<span class=\"elementor-icon-list-icon\">\n\t\t\t\t\t\t\t<i aria-hidden=\"true\" class=\"fas fa-check\"><\/i>\t\t\t\t\t\t<\/span>\n\t\t\t\t\t\t\t\t\t\t<span class=\"elementor-icon-list-text\">Jobbet 8 \u00e5r som IKT-ansvarlig ved Lunner barneskole, og 2 \u00e5r som IKT-koordinator for skolene i Lunner kommune. <\/span>\n\t\t\t\t\t\t\t\t\t<\/li>\n\t\t\t\t\t\t\t\t<li class=\"elementor-icon-list-item\">\n\t\t\t\t\t\t\t\t\t\t\t<span class=\"elementor-icon-list-icon\">\n\t\t\t\t\t\t\t<i aria-hidden=\"true\" class=\"fas fa-check\"><\/i>\t\t\t\t\t\t<\/span>\n\t\t\t\t\t\t\t\t\t\t<span class=\"elementor-icon-list-text\">Jobbet 11 \u00e5r deltid hos Expert Gran i data\/tele-avdelingen.<\/span>\n\t\t\t\t\t\t\t\t\t<\/li>\n\t\t\t\t\t\t\t\t<li class=\"elementor-icon-list-item\">\n\t\t\t\t\t\t\t\t\t\t\t<span class=\"elementor-icon-list-icon\">\n\t\t\t\t\t\t\t<i aria-hidden=\"true\" class=\"fas fa-check\"><\/i>\t\t\t\t\t\t<\/span>\n\t\t\t\t\t\t\t\t\t\t<span class=\"elementor-icon-list-text\">Gjennom disse stillingene drevet daglig med kursing og support de siste 10 \u00e5rene.<\/span>\n\t\t\t\t\t\t\t\t\t<\/li>\n\t\t\t\t\t\t\t\t<li class=\"elementor-icon-list-item\">\n\t\t\t\t\t\t\t\t\t\t\t<span class=\"elementor-icon-list-icon\">\n\t\t\t\t\t\t\t<i aria-hidden=\"true\" class=\"fas fa-check\"><\/i>\t\t\t\t\t\t<\/span>\n\t\t\t\t\t\t\t\t\t\t<span class=\"elementor-icon-list-text\">Utdannet allmennl\u00e6rer, har en bachelor i IT og informasjonssystemer og har videreutdanningen IKT for l\u00e6rere.<\/span>\n\t\t\t\t\t\t\t\t\t<\/li>\n\t\t\t\t\t\t<\/ul>\n\t\t\t\t\t\t<\/div>\n\t\t\t\t<\/div>\n\t\t\t\t<div class=\"elementor-element elementor-element-eda681c elementor-widget elementor-widget-text-editor\" data-id=\"eda681c\" data-element_type=\"widget\" data-e-type=\"widget\" data-widget_type=\"text-editor.default\">\n\t\t\t\t<div class=\"elementor-widget-container\">\n\t\t\t\t\t\t\t\t\t<p>\u00a0<\/p><p><span style=\"font-size: inherit; text-align: inherit; background-color: inherit; color: var(--theme-text-color); font-family: var(--fontFamily); font-style: var(--fontStyle, inherit); font-weight: var(--fontWeight); letter-spacing: var(--letterSpacing); text-transform: var(--textTransform);\">\u00d8nsker du \u00e5 komme i kontakt med meg? Da kan du sende inn en henvendelse via <a href=\"https:\/\/bergeit.no\/?page_id=869\">kontaktsiden<\/a>\u00a0eller ta en titt p\u00e5 mitt <a href=\"https:\/\/bergeit.no\/visittkort\/\" target=\"_blank\" rel=\"noopener\">digitale visittkort<\/a>.<\/span><\/p>\t\t\t\t\t\t\t\t<\/div>\n\t\t\t\t<\/div>\n\t\t\t\t<\/div>\n\t\t\t\t\t<\/div>\n\t\t\t\t<\/div>\n\t\t\t\t<\/div>\n\t\t","protected":false},"excerpt":{"rendered":"<p>Jeg heter J\u00f8rgen N\u00e6ss Berge, er 34 \u00e5r, og holder til p\u00e5 Lunner p\u00e5 Hadeland. Jeg jobber til vanlig som IKT-koordinator for skolene i Lunner kommune, og har tidligere erfaring som b\u00e5de kontaktl\u00e6rer og jobb i elektronikkbutikk. Jeg har et enkeltmannsforetak, Berge IT og elektronikkhjelp, og \u00f8nsker gjennom denne siden \u00e5 markedsf\u00f8re meg. Gjennom foretaket [&hellip;]<\/p>\n","protected":false},"author":1,"featured_media":0,"parent":0,"menu_order":0,"comment_status":"closed","ping_status":"closed","template":"","meta":{"footnotes":""},"class_list":["post-34","page","type-page","status-publish","hentry"],"blocksy_meta":{"styles_descriptor":{"styles":{"desktop":"","tablet":"","mobile":""},"google_fonts":[],"version":6}},"_links":{"self":[{"href":"https:\/\/bergeit.no\/index.php?rest_route=\/wp\/v2\/pages\/34","targetHints":{"allow":["GET"]}}],"collection":[{"href":"https:\/\/bergeit.no\/index.php?rest_route=\/wp\/v2\/pages"}],"about":[{"href":"https:\/\/bergeit.no\/index.php?rest_route=\/wp\/v2\/types\/page"}],"author":[{"embeddable":true,"href":"https:\/\/bergeit.no\/index.php?rest_route=\/wp\/v2\/users\/1"}],"replies":[{"embeddable":true,"href":"https:\/\/bergeit.no\/index.php?rest_route=%2Fwp%2Fv2%2Fcomments&post=34"}],"version-history":[{"count":9,"href":"https:\/\/bergeit.no\/index.php?rest_route=\/wp\/v2\/pages\/34\/revisions"}],"predecessor-version":[{"id":1216,"href":"https:\/\/bergeit.no\/index.php?rest_route=\/wp\/v2\/pages\/34\/revisions\/1216"}],"wp:attachment":[{"href":"https:\/\/bergeit.no\/index.php?rest_route=%2Fwp%2Fv2%2Fmedia&parent=34"}],"curies":[{"name":"wp","href":"https:\/\/api.w.org\/{rel}","templated":true}]}}